{"id":981,"date":"2022-03-13T12:22:08","date_gmt":"2022-03-13T12:22:08","guid":{"rendered":"https:\/\/wordpress.hypnose-enfants-ados-lyon.fr\/?page_id=981"},"modified":"2022-11-04T07:50:06","modified_gmt":"2022-11-04T07:50:06","slug":"ritmo-emdr-hypnose","status":"publish","type":"page","link":"https:\/\/www.hypnose-enfants-ados-lyon.fr\/?page_id=981","title":{"rendered":"RITMO\u00ae (emdr\u00ae + hypnose)"},"content":{"rendered":"\n<figure class=\"wp-block-image alignright size-full is-resized\"><img loading=\"lazy\" src=\"https:\/\/www.hypnose-enfants-ados-lyon.fr\/wp-content\/uploads\/2022\/11\/potentialis.jpg\" alt=\"\" class=\"wp-image-1228\" width=\"123\" height=\"103\"\/><\/figure>\n\n\n\n<h3>D\u00e9riv\u00e9 de l&#8217;EMDR\u00ae<\/h3>\n\n\n\n<p>Le RITMO\u00ae est une forme d\u2019EMDR\u00ae (Eye Movement Desensitization and Reprocessing)&nbsp;augment\u00e9 par de l&#8217;hypnose, il a \u00e9t\u00e9 cr\u00e9\u00e9 il y a plus de 15 ans. <br>Le RITMO\u00ae (Retraitement de l\u2019Information Traumatique par les Mouvements Oculaires) est bas\u00e9 sur des principes communs \u00e0 l\u2019EMDR\u00ae. <br>C\u2019est une technique d\u2019int\u00e9gration et de reprogrammation neuro-\u00e9motionnelle par des stimulations bilat\u00e9rales.<\/p>\n\n\n\n<p>Simple mais s\u00e9rieux: en 2013, l&#8217;EMDR\u00ae a \u00e9t\u00e9 officiellement reconnu par l&#8217;OMS (Organisation Mondiale pour la Sant\u00e9) et, en France, l&#8217;INSERM et la Haute Autorit\u00e9 de la Sant\u00e9 en ont aussi act\u00e9 l&#8217;efficacit\u00e9.<\/p>\n\n\n\n<h3><strong>Le RITMO\u00ae adapt\u00e9 aux enfants, adolescents et jeunes adultes.<\/strong><\/h3>\n\n\n\n<p>Cette technique s\u2019applique aux traumatismes ainsi qu\u2019\u00e0 toute situation de&nbsp;<strong>r\u00e9action \u00e9motionnelle difficile<\/strong>. Je l&#8217;adapte \u00e0 la sensibilit\u00e9 de l&#8217;enfant ou de l&#8217;adolescent, les uns et les autres \u00e9tant \u00e0 fleur de peau, cela n\u00e9cessite une attention fine.<br>Elle permet aussi l\u2019am\u00e9lioration des&nbsp;<strong>performances psychiques et physiques<\/strong>.<br><\/p>\n","protected":false},"excerpt":{"rendered":"<p>D\u00e9riv\u00e9 de l&#8217;EMDR\u00ae Le RITMO\u00ae est une forme d\u2019EMDR\u00ae (Eye Movement Desensitization and Reprocessing)&nbsp;augment\u00e9 par de l&#8217;hypnose, il a \u00e9t\u00e9 cr\u00e9\u00e9 il y a plus de 15 ans. Le RITMO\u00ae (Retraitement de l\u2019Information Traumatique par les Mouvements Oculaires) est bas\u00e9 sur des principes communs \u00e0 l\u2019EMDR\u00ae. C\u2019est une technique d\u2019int\u00e9gration et de reprogrammation neuro-\u00e9motionnelle par &hellip;<\/p>\n<p class=\"read-more\"> <a class=\"\" href=\"https:\/\/www.hypnose-enfants-ados-lyon.fr\/?page_id=981\"> <span class=\"screen-reader-text\">RITMO\u00ae (emdr\u00ae + hypnose)<\/span> Read More &raquo;<\/a><\/p>\n","protected":false},"author":1,"featured_media":0,"parent":0,"menu_order":0,"comment_status":"closed","ping_status":"closed","template":"","meta":{"site-sidebar-layout":"default","site-content-layout":"default","ast-global-header-display":"","ast-main-header-display":"","ast-hfb-above-header-display":"","ast-hfb-below-header-display":"","ast-hfb-mobile-header-display":"","site-post-title":"","ast-breadcrumbs-content":"","ast-featured-img":"","footer-sml-layout":"","theme-transparent-header-meta":"","adv-header-id-meta":"","stick-header-meta":"","header-above-stick-meta":"","header-main-stick-meta":"","header-below-stick-meta":""},"_links":{"self":[{"href":"https:\/\/www.hypnose-enfants-ados-lyon.fr\/index.php?rest_route=\/wp\/v2\/pages\/981"}],"collection":[{"href":"https:\/\/www.hypnose-enfants-ados-lyon.fr\/index.php?rest_route=\/wp\/v2\/pages"}],"about":[{"href":"https:\/\/www.hypnose-enfants-ados-lyon.fr\/index.php?rest_route=\/wp\/v2\/types\/page"}],"author":[{"embeddable":true,"href":"https:\/\/www.hypnose-enfants-ados-lyon.fr\/index.php?rest_route=\/wp\/v2\/users\/1"}],"replies":[{"embeddable":true,"href":"https:\/\/www.hypnose-enfants-ados-lyon.fr\/index.php?rest_route=%2Fwp%2Fv2%2Fcomments&post=981"}],"version-history":[{"count":23,"href":"https:\/\/www.hypnose-enfants-ados-lyon.fr\/index.php?rest_route=\/wp\/v2\/pages\/981\/revisions"}],"predecessor-version":[{"id":1231,"href":"https:\/\/www.hypnose-enfants-ados-lyon.fr\/index.php?rest_route=\/wp\/v2\/pages\/981\/revisions\/1231"}],"wp:attachment":[{"href":"https:\/\/www.hypnose-enfants-ados-lyon.fr\/index.php?rest_route=%2Fwp%2Fv2%2Fmedia&parent=981"}],"curies":[{"name":"wp","href":"https:\/\/api.w.org\/{rel}","templated":true}]}}