{"id":978,"date":"2022-03-13T12:15:54","date_gmt":"2022-03-13T12:15:54","guid":{"rendered":"https:\/\/wordpress.hypnose-enfants-ados-lyon.fr\/?page_id=978"},"modified":"2023-10-02T14:26:43","modified_gmt":"2023-10-02T14:26:43","slug":"contact-2","status":"publish","type":"page","link":"https:\/\/www.hypnose-enfants-ados-lyon.fr\/?page_id=978","title":{"rendered":"Contact"},"content":{"rendered":"\n<figure class=\"wp-block-image alignright size-full is-resized\"><img loading=\"lazy\" src=\"https:\/\/www.hypnose-enfants-ados-lyon.fr\/wp-content\/uploads\/2022\/11\/potentialis.jpg\" alt=\"\" class=\"wp-image-1228\" width=\"123\" height=\"103\"\/><\/figure>\n\n\n\n<h3 class=\"has-luminous-vivid-orange-color has-text-color\">Christelle Firmis<br>Hypnologue, hypnoth\u00e9rapeute<\/h3>\n\n\n\n<p>N&#8217;h\u00e9sitez pas \u00e0 me contacter si vous avez des questions, si vous souhaitez \u00e9changer avec moi pour savoir si mon accompagnement correspond \u00e0 votre demande. <br>Par t\u00e9l\u00e9phone ou m\u00eame par sms (pour \u00e9viter que votre message ne reste dans les spams).<\/p>\n\n\n\n<h3 class=\"has-vivid-cyan-blue-color has-text-color\">10 Grande Rue de la Croix-Rousse<br>69004 Lyon<\/h3>\n\n\n\n<h3 class=\"has-vivid-cyan-blue-color has-text-color\">06 22 54 32 10<\/h3>\n\n\n\n<h4 class=\"has-ast-global-color-0-color has-text-color\"><\/h4>\n","protected":false},"excerpt":{"rendered":"<p>Christelle FirmisHypnologue, hypnoth\u00e9rapeute N&#8217;h\u00e9sitez pas \u00e0 me contacter si vous avez des questions, si vous souhaitez \u00e9changer avec moi pour savoir si mon accompagnement correspond \u00e0 votre demande. Par t\u00e9l\u00e9phone ou m\u00eame par sms (pour \u00e9viter que votre message ne reste dans les spams). 10 Grande Rue de la Croix-Rousse69004 Lyon 06 22 54 32 &hellip;<\/p>\n<p class=\"read-more\"> <a class=\"\" href=\"https:\/\/www.hypnose-enfants-ados-lyon.fr\/?page_id=978\"> <span class=\"screen-reader-text\">Contact<\/span> Read More &raquo;<\/a><\/p>\n","protected":false},"author":1,"featured_media":0,"parent":0,"menu_order":0,"comment_status":"closed","ping_status":"closed","template":"","meta":{"site-sidebar-layout":"default","site-content-layout":"default","ast-global-header-display":"","ast-main-header-display":"","ast-hfb-above-header-display":"","ast-hfb-below-header-display":"","ast-hfb-mobile-header-display":"","site-post-title":"","ast-breadcrumbs-content":"","ast-featured-img":"","footer-sml-layout":"","theme-transparent-header-meta":"","adv-header-id-meta":"","stick-header-meta":"","header-above-stick-meta":"","header-main-stick-meta":"","header-below-stick-meta":""},"_links":{"self":[{"href":"https:\/\/www.hypnose-enfants-ados-lyon.fr\/index.php?rest_route=\/wp\/v2\/pages\/978"}],"collection":[{"href":"https:\/\/www.hypnose-enfants-ados-lyon.fr\/index.php?rest_route=\/wp\/v2\/pages"}],"about":[{"href":"https:\/\/www.hypnose-enfants-ados-lyon.fr\/index.php?rest_route=\/wp\/v2\/types\/page"}],"author":[{"embeddable":true,"href":"https:\/\/www.hypnose-enfants-ados-lyon.fr\/index.php?rest_route=\/wp\/v2\/users\/1"}],"replies":[{"embeddable":true,"href":"https:\/\/www.hypnose-enfants-ados-lyon.fr\/index.php?rest_route=%2Fwp%2Fv2%2Fcomments&post=978"}],"version-history":[{"count":13,"href":"https:\/\/www.hypnose-enfants-ados-lyon.fr\/index.php?rest_route=\/wp\/v2\/pages\/978\/revisions"}],"predecessor-version":[{"id":1247,"href":"https:\/\/www.hypnose-enfants-ados-lyon.fr\/index.php?rest_route=\/wp\/v2\/pages\/978\/revisions\/1247"}],"wp:attachment":[{"href":"https:\/\/www.hypnose-enfants-ados-lyon.fr\/index.php?rest_route=%2Fwp%2Fv2%2Fmedia&parent=978"}],"curies":[{"name":"wp","href":"https:\/\/api.w.org\/{rel}","templated":true}]}}