{"id":901,"date":"2022-03-10T21:42:53","date_gmt":"2022-03-10T21:42:53","guid":{"rendered":"https:\/\/wordpress.hypnose-enfants-ados-lyon.fr\/?page_id=901"},"modified":"2022-11-04T07:53:45","modified_gmt":"2022-11-04T07:53:45","slug":"hypnose-pour-les-adultes","status":"publish","type":"page","link":"https:\/\/www.hypnose-enfants-ados-lyon.fr\/?page_id=901","title":{"rendered":"Soutien \u00e0 la parentalit\u00e9"},"content":{"rendered":"\n<figure class=\"wp-block-image alignright size-full is-resized\"><img loading=\"lazy\" src=\"https:\/\/www.hypnose-enfants-ados-lyon.fr\/wp-content\/uploads\/2022\/11\/quisuisje.jpg\" alt=\"\" class=\"wp-image-1229\" width=\"145\" height=\"87\"\/><\/figure>\n\n\n\n<h3>Pas toujours facile d&#8217;\u00eatre parents!<\/h3>\n\n\n\n<p><strong>V<\/strong>otre enfant, votre adolescent est triste, mal dans sa peau?  Vous ne le reconnaissez pas, vous ne le comprenez plus? Il vous d\u00e9borde, prend ses distances, vos liens sont tendus voire conflictuels?<\/p>\n\n\n\n<p>Quand cela est pertinent, je vous apporte&nbsp;<strong>une \u00e9coute et une aide concr\u00e8te<\/strong>&nbsp;qui nous permet de&nbsp;<strong>compl\u00e9ter et de mener \u00e0 bien le travail engag\u00e9 avec <\/strong>lui car une famille est un syst\u00e8me, un tissage d\u2019interd\u00e9pendances. <br>Quand un de ses membres bouge, les autres membres de la famille ressentent. <br>Maintenir la communication, continuer \u00e0 respecter les besoins de chacun des membres pour grandir ensemble!<\/p>\n","protected":false},"excerpt":{"rendered":"<p>Pas toujours facile d&#8217;\u00eatre parents! Votre enfant, votre adolescent est triste, mal dans sa peau? Vous ne le reconnaissez pas, vous ne le comprenez plus? Il vous d\u00e9borde, prend ses distances, vos liens sont tendus voire conflictuels? Quand cela est pertinent, je vous apporte&nbsp;une \u00e9coute et une aide concr\u00e8te&nbsp;qui nous permet de&nbsp;compl\u00e9ter et de mener &hellip;<\/p>\n<p class=\"read-more\"> <a class=\"\" href=\"https:\/\/www.hypnose-enfants-ados-lyon.fr\/?page_id=901\"> <span class=\"screen-reader-text\">Soutien \u00e0 la parentalit\u00e9<\/span> Read More &raquo;<\/a><\/p>\n","protected":false},"author":1,"featured_media":0,"parent":0,"menu_order":0,"comment_status":"closed","ping_status":"closed","template":"","meta":{"site-sidebar-layout":"default","site-content-layout":"default","ast-global-header-display":"","ast-main-header-display":"","ast-hfb-above-header-display":"","ast-hfb-below-header-display":"","ast-hfb-mobile-header-display":"","site-post-title":"","ast-breadcrumbs-content":"","ast-featured-img":"","footer-sml-layout":"","theme-transparent-header-meta":"","adv-header-id-meta":"","stick-header-meta":"","header-above-stick-meta":"","header-main-stick-meta":"","header-below-stick-meta":""},"_links":{"self":[{"href":"https:\/\/www.hypnose-enfants-ados-lyon.fr\/index.php?rest_route=\/wp\/v2\/pages\/901"}],"collection":[{"href":"https:\/\/www.hypnose-enfants-ados-lyon.fr\/index.php?rest_route=\/wp\/v2\/pages"}],"about":[{"href":"https:\/\/www.hypnose-enfants-ados-lyon.fr\/index.php?rest_route=\/wp\/v2\/types\/page"}],"author":[{"embeddable":true,"href":"https:\/\/www.hypnose-enfants-ados-lyon.fr\/index.php?rest_route=\/wp\/v2\/users\/1"}],"replies":[{"embeddable":true,"href":"https:\/\/www.hypnose-enfants-ados-lyon.fr\/index.php?rest_route=%2Fwp%2Fv2%2Fcomments&post=901"}],"version-history":[{"count":13,"href":"https:\/\/www.hypnose-enfants-ados-lyon.fr\/index.php?rest_route=\/wp\/v2\/pages\/901\/revisions"}],"predecessor-version":[{"id":1236,"href":"https:\/\/www.hypnose-enfants-ados-lyon.fr\/index.php?rest_route=\/wp\/v2\/pages\/901\/revisions\/1236"}],"wp:attachment":[{"href":"https:\/\/www.hypnose-enfants-ados-lyon.fr\/index.php?rest_route=%2Fwp%2Fv2%2Fmedia&parent=901"}],"curies":[{"name":"wp","href":"https:\/\/api.w.org\/{rel}","templated":true}]}}