{"id":897,"date":"2022-03-10T21:37:59","date_gmt":"2022-03-10T21:37:59","guid":{"rendered":"https:\/\/wordpress.hypnose-enfants-ados-lyon.fr\/?page_id=897"},"modified":"2022-11-04T07:53:15","modified_gmt":"2022-11-04T07:53:15","slug":"hypnose-jeunes-adultes","status":"publish","type":"page","link":"https:\/\/www.hypnose-enfants-ados-lyon.fr\/?page_id=897","title":{"rendered":"Hypnose jeunes adultes"},"content":{"rendered":"\n<figure class=\"wp-block-image alignright size-full is-resized\"><img loading=\"lazy\" src=\"https:\/\/www.hypnose-enfants-ados-lyon.fr\/wp-content\/uploads\/2022\/11\/orthographe.jpg\" alt=\"\" class=\"wp-image-1227\" width=\"148\" height=\"85\"\/><\/figure>\n\n\n\n<h3><strong>\u00ab&nbsp;A nous deux maintenant!&nbsp;\u00bb<\/strong> <\/h3>\n\n\n\n<p>L\u2019hypnose permet un accompagnement ajust\u00e9 pour le jeune qui veut, au seuil de sa vie d\u2019adulte, se d\u00e9lester de probl\u00e9matiques emp\u00eachantes mais qui ne veut pas s\u2019investir dans une d\u00e9marche purement analytique parfois longue et co\u00fbteuse.&nbsp;<\/p>\n\n\n\n<p>L\u2019hypnose permet un accompagnement s&#8217;inscrit dans les th\u00e9rapies dites \u00ab&nbsp;br\u00e8ves&nbsp;\u00bb. Cet accompagnement est plus court mais n\u2019est ni instantan\u00e9 ni magique. Les s\u00e9ances sont construites sur un entretien analytique conscient et une autre partie en \u00e9tat modifi\u00e9 de conscience.<\/p>\n\n\n\n<p>Ce travail, comme tout processus de transformation p\u00e9renne, demande un fort engagement personnel.<\/p>\n\n\n\n<p>\u2022 Dur\u00e9e des s\u00e9ances: une heure, espac\u00e9es le plus souvent de quinze jours.<\/p>\n","protected":false},"excerpt":{"rendered":"<p>\u00ab&nbsp;A nous deux maintenant!&nbsp;\u00bb L\u2019hypnose permet un accompagnement ajust\u00e9 pour le jeune qui veut, au seuil de sa vie d\u2019adulte, se d\u00e9lester de probl\u00e9matiques emp\u00eachantes mais qui ne veut pas s\u2019investir dans une d\u00e9marche purement analytique parfois longue et co\u00fbteuse.&nbsp; L\u2019hypnose permet un accompagnement s&#8217;inscrit dans les th\u00e9rapies dites \u00ab&nbsp;br\u00e8ves&nbsp;\u00bb. Cet accompagnement est plus court &hellip;<\/p>\n<p class=\"read-more\"> <a class=\"\" href=\"https:\/\/www.hypnose-enfants-ados-lyon.fr\/?page_id=897\"> <span class=\"screen-reader-text\">Hypnose jeunes adultes<\/span> Read More &raquo;<\/a><\/p>\n","protected":false},"author":1,"featured_media":0,"parent":0,"menu_order":0,"comment_status":"closed","ping_status":"closed","template":"","meta":{"site-sidebar-layout":"default","site-content-layout":"default","ast-global-header-display":"","ast-main-header-display":"","ast-hfb-above-header-display":"","ast-hfb-below-header-display":"","ast-hfb-mobile-header-display":"","site-post-title":"","ast-breadcrumbs-content":"","ast-featured-img":"","footer-sml-layout":"","theme-transparent-header-meta":"","adv-header-id-meta":"","stick-header-meta":"","header-above-stick-meta":"","header-main-stick-meta":"","header-below-stick-meta":""},"_links":{"self":[{"href":"https:\/\/www.hypnose-enfants-ados-lyon.fr\/index.php?rest_route=\/wp\/v2\/pages\/897"}],"collection":[{"href":"https:\/\/www.hypnose-enfants-ados-lyon.fr\/index.php?rest_route=\/wp\/v2\/pages"}],"about":[{"href":"https:\/\/www.hypnose-enfants-ados-lyon.fr\/index.php?rest_route=\/wp\/v2\/types\/page"}],"author":[{"embeddable":true,"href":"https:\/\/www.hypnose-enfants-ados-lyon.fr\/index.php?rest_route=\/wp\/v2\/users\/1"}],"replies":[{"embeddable":true,"href":"https:\/\/www.hypnose-enfants-ados-lyon.fr\/index.php?rest_route=%2Fwp%2Fv2%2Fcomments&post=897"}],"version-history":[{"count":9,"href":"https:\/\/www.hypnose-enfants-ados-lyon.fr\/index.php?rest_route=\/wp\/v2\/pages\/897\/revisions"}],"predecessor-version":[{"id":1235,"href":"https:\/\/www.hypnose-enfants-ados-lyon.fr\/index.php?rest_route=\/wp\/v2\/pages\/897\/revisions\/1235"}],"wp:attachment":[{"href":"https:\/\/www.hypnose-enfants-ados-lyon.fr\/index.php?rest_route=%2Fwp%2Fv2%2Fmedia&parent=897"}],"curies":[{"name":"wp","href":"https:\/\/api.w.org\/{rel}","templated":true}]}}