{"id":891,"date":"2022-03-10T21:28:45","date_gmt":"2022-03-10T21:28:45","guid":{"rendered":"https:\/\/wordpress.hypnose-enfants-ados-lyon.fr\/?page_id=891"},"modified":"2022-11-04T07:52:39","modified_gmt":"2022-11-04T07:52:39","slug":"hypnose-et-adolescents","status":"publish","type":"page","link":"https:\/\/www.hypnose-enfants-ados-lyon.fr\/?page_id=891","title":{"rendered":"Hypnose et adolescents"},"content":{"rendered":"\n<figure class=\"wp-block-image alignright size-full is-resized\"><img loading=\"lazy\" src=\"https:\/\/www.hypnose-enfants-ados-lyon.fr\/wp-content\/uploads\/2022\/11\/quisuisje.jpg\" alt=\"\" class=\"wp-image-1229\" width=\"145\" height=\"87\"\/><\/figure>\n\n\n\n<h3><strong>Des tourbillons d&#8217;\u00e9motions<\/strong><\/h3>\n\n\n\n<p>L\u2019adolescence est une p\u00e9riode qui dure approximativement de 11 ans \u00e0 25 ans (\u00e2ge de la maturation du cerveau). C&#8217;est souvent une p\u00e9riode \u00e9motionnellement chaotique, malmen\u00e9e par des dissensions internes, des questionnements, beaucoup d&#8217;\u00e9nergie, d&#8217;apathie\u2026 Et toutes ces \u00e9motions parfois dans une m\u00eame journ\u00e9e!<\/p>\n\n\n\n<h3><strong>Confiance en soi et autonomie<\/strong><\/h3>\n\n\n\n<p>Pendant nos s\u00e9ances de travail, votre jeune d\u00e9couvre et explore son inconscient afin d\u2019y trouver ses solutions, c\u2019est lui qui s\u2019engage dans la d\u00e9couverte et l&#8217;exploration de sa personnalit\u00e9. Je cr\u00e9e les conditions, c&#8217;est-\u00e0-dire l\u2019alliance de confiance et les techniques hypnotiques, pour qu&#8217;il y parvienne. <\/p>\n\n\n\n<p>Il comprend alors qu\u2019il est \u00e0 lui-m\u00eame sa propre ressource; ce qui contribue \u00e0 renforcer sa confiance et son autonomie. Cette compr\u00e9hension me semble une bonne base pour cheminer.<\/p>\n\n\n\n<p><\/p>\n\n\n\n<p>Des techniques d\u2019auto-hypnose lui sont montr\u00e9es pour pouvoir prolonger les s\u00e9ances, si cela est n\u00e9cessaire.<\/p>\n\n\n\n<p><\/p>\n\n\n\n<p>\u2022 Dur\u00e9e des s\u00e9ances: une heure environ, espac\u00e9es le plus souvent de quinze jours.<\/p>\n\n\n\n<p>\u2022 Pr\u00e9sence requise d\u2019un ou des parents lors du premier rendez-vous.<\/p>\n\n\n\n<p>\u2022 Confidentialit\u00e9: c\u2019est l\u2019espace de parole de votre enfant, il doit pouvoir se sentir en totale confiance, tout ce qui est dit y reste.<\/p>\n\n\n\n<p>\u2022 Des \u00e9changes sur l\u2019avanc\u00e9e du suivi  se font avec les parents.<\/p>\n","protected":false},"excerpt":{"rendered":"<p>Des tourbillons d&#8217;\u00e9motions L\u2019adolescence est une p\u00e9riode qui dure approximativement de 11 ans \u00e0 25 ans (\u00e2ge de la maturation du cerveau). C&#8217;est souvent une p\u00e9riode \u00e9motionnellement chaotique, malmen\u00e9e par des dissensions internes, des questionnements, beaucoup d&#8217;\u00e9nergie, d&#8217;apathie\u2026 Et toutes ces \u00e9motions parfois dans une m\u00eame journ\u00e9e! Confiance en soi et autonomie Pendant nos s\u00e9ances &hellip;<\/p>\n<p class=\"read-more\"> <a class=\"\" href=\"https:\/\/www.hypnose-enfants-ados-lyon.fr\/?page_id=891\"> <span class=\"screen-reader-text\">Hypnose et adolescents<\/span> Read More &raquo;<\/a><\/p>\n","protected":false},"author":1,"featured_media":0,"parent":0,"menu_order":0,"comment_status":"closed","ping_status":"closed","template":"","meta":{"site-sidebar-layout":"default","site-content-layout":"default","ast-global-header-display":"","ast-main-header-display":"","ast-hfb-above-header-display":"","ast-hfb-below-header-display":"","ast-hfb-mobile-header-display":"","site-post-title":"","ast-breadcrumbs-content":"","ast-featured-img":"","footer-sml-layout":"","theme-transparent-header-meta":"","adv-header-id-meta":"","stick-header-meta":"","header-above-stick-meta":"","header-main-stick-meta":"","header-below-stick-meta":""},"_links":{"self":[{"href":"https:\/\/www.hypnose-enfants-ados-lyon.fr\/index.php?rest_route=\/wp\/v2\/pages\/891"}],"collection":[{"href":"https:\/\/www.hypnose-enfants-ados-lyon.fr\/index.php?rest_route=\/wp\/v2\/pages"}],"about":[{"href":"https:\/\/www.hypnose-enfants-ados-lyon.fr\/index.php?rest_route=\/wp\/v2\/types\/page"}],"author":[{"embeddable":true,"href":"https:\/\/www.hypnose-enfants-ados-lyon.fr\/index.php?rest_route=\/wp\/v2\/users\/1"}],"replies":[{"embeddable":true,"href":"https:\/\/www.hypnose-enfants-ados-lyon.fr\/index.php?rest_route=%2Fwp%2Fv2%2Fcomments&post=891"}],"version-history":[{"count":10,"href":"https:\/\/www.hypnose-enfants-ados-lyon.fr\/index.php?rest_route=\/wp\/v2\/pages\/891\/revisions"}],"predecessor-version":[{"id":1234,"href":"https:\/\/www.hypnose-enfants-ados-lyon.fr\/index.php?rest_route=\/wp\/v2\/pages\/891\/revisions\/1234"}],"wp:attachment":[{"href":"https:\/\/www.hypnose-enfants-ados-lyon.fr\/index.php?rest_route=%2Fwp%2Fv2%2Fmedia&parent=891"}],"curies":[{"name":"wp","href":"https:\/\/api.w.org\/{rel}","templated":true}]}}